{"id":263,"date":"2024-10-26T09:47:50","date_gmt":"2024-10-26T09:47:50","guid":{"rendered":"https:\/\/stacjarewitalizacja.pl\/?page_id=263"},"modified":"2024-10-27T14:30:38","modified_gmt":"2024-10-27T14:30:38","slug":"akwarele","status":"publish","type":"page","link":"https:\/\/stacjarewitalizacja.pl\/?page_id=263","title":{"rendered":"AKWARELE"},"content":{"rendered":"\t\t<div data-elementor-type=\"wp-page\" data-elementor-id=\"263\" class=\"elementor elementor-263\">\n\t\t\t\t<div class=\"elementor-element elementor-element-f9296c5 e-flex e-con-boxed e-con e-parent\" data-id=\"f9296c5\" data-element_type=\"container\">\n\t\t\t\t\t<div class=\"e-con-inner\">\n\t\t\t\t<div class=\"elementor-element elementor-element-37c7365 elementor-widget elementor-widget-heading\" data-id=\"37c7365\" data-element_type=\"widget\" data-widget_type=\"heading.default\">\n\t\t\t\t<div class=\"elementor-widget-container\">\n\t\t\t<h2 class=\"elementor-heading-title elementor-size-default\">Wyj\u0105tkowe akwarele, kt\u00f3rych autork\u0105 jest Wioleta Salo, przedstawiaj\u0105ce pi\u0119kno \u0142\u00f3dzkiej architektury i miasta.\nCena jednej kartki w formacie A5 to 18 z\u0142.<\/h2>\t\t<\/div>\n\t\t\t\t<\/div>\n\t\t\t\t\t<\/div>\n\t\t\t\t<\/div>\n\t\t<div class=\"elementor-element elementor-element-745b5ec e-grid e-con-boxed e-con e-parent\" data-id=\"745b5ec\" data-element_type=\"container\">\n\t\t\t\t\t<div class=\"e-con-inner\">\n\t\t\t\t<div class=\"elementor-element elementor-element-44b36f6 elementor-widget elementor-widget-image\" data-id=\"44b36f6\" data-element_type=\"widget\" data-widget_type=\"image.default\">\n\t\t\t\t<div class=\"elementor-widget-container\">\n\t\t\t\t\t\t\t\t\t\t\t\t\t<img fetchpriority=\"high\" decoding=\"async\" width=\"225\" height=\"300\" src=\"https:\/\/stacjarewitalizacja.pl\/wp-content\/uploads\/2024\/10\/IMG20241019153025-225x300.jpg\" class=\"attachment-medium size-medium wp-image-272\" alt=\"\" srcset=\"https:\/\/stacjarewitalizacja.pl\/wp-content\/uploads\/2024\/10\/IMG20241019153025-225x300.jpg 225w, https:\/\/stacjarewitalizacja.pl\/wp-content\/uploads\/2024\/10\/IMG20241019153025-768x1024.jpg 768w, https:\/\/stacjarewitalizacja.pl\/wp-content\/uploads\/2024\/10\/IMG20241019153025-1152x1536.jpg 1152w, https:\/\/stacjarewitalizacja.pl\/wp-content\/uploads\/2024\/10\/IMG20241019153025-1536x2048.jpg 1536w, https:\/\/stacjarewitalizacja.pl\/wp-content\/uploads\/2024\/10\/IMG20241019153025-scaled.jpg 1920w\" sizes=\"(max-width: 225px) 100vw, 225px\" \/>\t\t\t\t\t\t\t\t\t\t\t\t\t<\/div>\n\t\t\t\t<\/div>\n\t\t\t\t<div class=\"elementor-element elementor-element-aacb64a elementor-widget elementor-widget-image\" data-id=\"aacb64a\" data-element_type=\"widget\" data-widget_type=\"image.default\">\n\t\t\t\t<div class=\"elementor-widget-container\">\n\t\t\t\t\t\t\t\t\t\t\t\t\t<img decoding=\"async\" width=\"225\" height=\"300\" src=\"https:\/\/stacjarewitalizacja.pl\/wp-content\/uploads\/2024\/10\/IMG20241019153042-225x300.jpg\" class=\"attachment-medium size-medium wp-image-276\" alt=\"\" srcset=\"https:\/\/stacjarewitalizacja.pl\/wp-content\/uploads\/2024\/10\/IMG20241019153042-225x300.jpg 225w, https:\/\/stacjarewitalizacja.pl\/wp-content\/uploads\/2024\/10\/IMG20241019153042-768x1024.jpg 768w, https:\/\/stacjarewitalizacja.pl\/wp-content\/uploads\/2024\/10\/IMG20241019153042-1152x1536.jpg 1152w, https:\/\/stacjarewitalizacja.pl\/wp-content\/uploads\/2024\/10\/IMG20241019153042-1536x2048.jpg 1536w, https:\/\/stacjarewitalizacja.pl\/wp-content\/uploads\/2024\/10\/IMG20241019153042-scaled.jpg 1920w\" sizes=\"(max-width: 225px) 100vw, 225px\" \/>\t\t\t\t\t\t\t\t\t\t\t\t\t<\/div>\n\t\t\t\t<\/div>\n\t\t\t\t<div class=\"elementor-element elementor-element-9ac5fc8 elementor-widget elementor-widget-image\" data-id=\"9ac5fc8\" data-element_type=\"widget\" data-widget_type=\"image.default\">\n\t\t\t\t<div class=\"elementor-widget-container\">\n\t\t\t\t\t\t\t\t\t\t\t\t\t<img decoding=\"async\" width=\"225\" height=\"300\" src=\"https:\/\/stacjarewitalizacja.pl\/wp-content\/uploads\/2024\/10\/IMG20241008121859-225x300.jpg\" class=\"attachment-medium size-medium wp-image-270\" alt=\"\" srcset=\"https:\/\/stacjarewitalizacja.pl\/wp-content\/uploads\/2024\/10\/IMG20241008121859-225x300.jpg 225w, https:\/\/stacjarewitalizacja.pl\/wp-content\/uploads\/2024\/10\/IMG20241008121859-768x1024.jpg 768w, https:\/\/stacjarewitalizacja.pl\/wp-content\/uploads\/2024\/10\/IMG20241008121859-1152x1536.jpg 1152w, https:\/\/stacjarewitalizacja.pl\/wp-content\/uploads\/2024\/10\/IMG20241008121859-1536x2048.jpg 1536w, https:\/\/stacjarewitalizacja.pl\/wp-content\/uploads\/2024\/10\/IMG20241008121859-scaled.jpg 1920w\" sizes=\"(max-width: 225px) 100vw, 225px\" \/>\t\t\t\t\t\t\t\t\t\t\t\t\t<\/div>\n\t\t\t\t<\/div>\n\t\t\t\t\t<\/div>\n\t\t\t\t<\/div>\n\t\t<div class=\"elementor-element elementor-element-0396934 e-flex e-con-boxed e-con e-parent\" data-id=\"0396934\" data-element_type=\"container\">\n\t\t\t\t\t<div class=\"e-con-inner\">\n\t\t<div class=\"elementor-element elementor-element-b9a2b3b e-con-full e-flex e-con e-child\" data-id=\"b9a2b3b\" data-element_type=\"container\">\n\t\t\t\t<div class=\"elementor-element elementor-element-5850697 elementor-widget elementor-widget-image\" data-id=\"5850697\" data-element_type=\"widget\" data-widget_type=\"image.default\">\n\t\t\t\t<div class=\"elementor-widget-container\">\n\t\t\t\t\t\t\t\t\t\t\t\t\t<img loading=\"lazy\" decoding=\"async\" width=\"225\" height=\"300\" src=\"https:\/\/stacjarewitalizacja.pl\/wp-content\/uploads\/2024\/10\/IMG20241019153029-225x300.jpg\" class=\"attachment-medium size-medium wp-image-273\" alt=\"\" srcset=\"https:\/\/stacjarewitalizacja.pl\/wp-content\/uploads\/2024\/10\/IMG20241019153029-225x300.jpg 225w, https:\/\/stacjarewitalizacja.pl\/wp-content\/uploads\/2024\/10\/IMG20241019153029-768x1024.jpg 768w, https:\/\/stacjarewitalizacja.pl\/wp-content\/uploads\/2024\/10\/IMG20241019153029-1152x1536.jpg 1152w, https:\/\/stacjarewitalizacja.pl\/wp-content\/uploads\/2024\/10\/IMG20241019153029-1536x2048.jpg 1536w, https:\/\/stacjarewitalizacja.pl\/wp-content\/uploads\/2024\/10\/IMG20241019153029-scaled.jpg 1920w\" sizes=\"(max-width: 225px) 100vw, 225px\" \/>\t\t\t\t\t\t\t\t\t\t\t\t\t<\/div>\n\t\t\t\t<\/div>\n\t\t\t\t<\/div>\n\t\t<div class=\"elementor-element elementor-element-1f2927b e-con-full e-flex e-con e-child\" data-id=\"1f2927b\" data-element_type=\"container\">\n\t\t\t\t<div class=\"elementor-element elementor-element-55d59a2 elementor-widget elementor-widget-image\" data-id=\"55d59a2\" data-element_type=\"widget\" data-widget_type=\"image.default\">\n\t\t\t\t<div class=\"elementor-widget-container\">\n\t\t\t\t\t\t\t\t\t\t\t\t\t<img loading=\"lazy\" decoding=\"async\" width=\"225\" height=\"300\" src=\"https:\/\/stacjarewitalizacja.pl\/wp-content\/uploads\/2024\/10\/IMG20241019153022-225x300.jpg\" class=\"attachment-medium size-medium wp-image-271\" alt=\"\" srcset=\"https:\/\/stacjarewitalizacja.pl\/wp-content\/uploads\/2024\/10\/IMG20241019153022-225x300.jpg 225w, https:\/\/stacjarewitalizacja.pl\/wp-content\/uploads\/2024\/10\/IMG20241019153022-768x1024.jpg 768w, https:\/\/stacjarewitalizacja.pl\/wp-content\/uploads\/2024\/10\/IMG20241019153022-1152x1536.jpg 1152w, https:\/\/stacjarewitalizacja.pl\/wp-content\/uploads\/2024\/10\/IMG20241019153022-1536x2048.jpg 1536w, https:\/\/stacjarewitalizacja.pl\/wp-content\/uploads\/2024\/10\/IMG20241019153022-scaled.jpg 1920w\" sizes=\"(max-width: 225px) 100vw, 225px\" \/>\t\t\t\t\t\t\t\t\t\t\t\t\t<\/div>\n\t\t\t\t<\/div>\n\t\t\t\t<\/div>\n\t\t<div class=\"elementor-element elementor-element-dc6fcdf e-con-full e-flex e-con e-child\" data-id=\"dc6fcdf\" data-element_type=\"container\">\n\t\t\t\t<div class=\"elementor-element elementor-element-6f98e4f elementor-widget elementor-widget-image\" data-id=\"6f98e4f\" data-element_type=\"widget\" data-widget_type=\"image.default\">\n\t\t\t\t<div class=\"elementor-widget-container\">\n\t\t\t\t\t\t\t\t\t\t\t\t\t<img loading=\"lazy\" decoding=\"async\" width=\"225\" height=\"300\" src=\"https:\/\/stacjarewitalizacja.pl\/wp-content\/uploads\/2024\/10\/IMG20241019153045-225x300.jpg\" class=\"attachment-medium size-medium wp-image-277\" alt=\"\" srcset=\"https:\/\/stacjarewitalizacja.pl\/wp-content\/uploads\/2024\/10\/IMG20241019153045-225x300.jpg 225w, https:\/\/stacjarewitalizacja.pl\/wp-content\/uploads\/2024\/10\/IMG20241019153045-768x1024.jpg 768w, https:\/\/stacjarewitalizacja.pl\/wp-content\/uploads\/2024\/10\/IMG20241019153045-1152x1536.jpg 1152w, https:\/\/stacjarewitalizacja.pl\/wp-content\/uploads\/2024\/10\/IMG20241019153045-1536x2048.jpg 1536w, https:\/\/stacjarewitalizacja.pl\/wp-content\/uploads\/2024\/10\/IMG20241019153045-scaled.jpg 1920w\" sizes=\"(max-width: 225px) 100vw, 225px\" \/>\t\t\t\t\t\t\t\t\t\t\t\t\t<\/div>\n\t\t\t\t<\/div>\n\t\t\t\t<\/div>\n\t\t<div class=\"elementor-element elementor-element-545fd78 e-con-full e-flex e-con e-child\" data-id=\"545fd78\" data-element_type=\"container\">\n\t\t\t\t<div class=\"elementor-element elementor-element-35f4d45 elementor-widget elementor-widget-image\" data-id=\"35f4d45\" data-element_type=\"widget\" data-widget_type=\"image.default\">\n\t\t\t\t<div class=\"elementor-widget-container\">\n\t\t\t\t\t\t\t\t\t\t\t\t\t<img loading=\"lazy\" decoding=\"async\" width=\"225\" height=\"300\" src=\"https:\/\/stacjarewitalizacja.pl\/wp-content\/uploads\/2024\/10\/IMG20241019153049-225x300.jpg\" class=\"attachment-medium size-medium wp-image-278\" alt=\"\" srcset=\"https:\/\/stacjarewitalizacja.pl\/wp-content\/uploads\/2024\/10\/IMG20241019153049-225x300.jpg 225w, https:\/\/stacjarewitalizacja.pl\/wp-content\/uploads\/2024\/10\/IMG20241019153049-768x1024.jpg 768w, https:\/\/stacjarewitalizacja.pl\/wp-content\/uploads\/2024\/10\/IMG20241019153049-1152x1536.jpg 1152w, https:\/\/stacjarewitalizacja.pl\/wp-content\/uploads\/2024\/10\/IMG20241019153049-1536x2048.jpg 1536w, https:\/\/stacjarewitalizacja.pl\/wp-content\/uploads\/2024\/10\/IMG20241019153049-scaled.jpg 1920w\" sizes=\"(max-width: 225px) 100vw, 225px\" \/>\t\t\t\t\t\t\t\t\t\t\t\t\t<\/div>\n\t\t\t\t<\/div>\n\t\t\t\t<\/div>\n\t\t\t\t<div class=\"elementor-element elementor-element-98470e0 elementor-widget elementor-widget-image\" data-id=\"98470e0\" data-element_type=\"widget\" data-widget_type=\"image.default\">\n\t\t\t\t<div class=\"elementor-widget-container\">\n\t\t\t\t\t\t\t\t\t\t\t\t\t<img loading=\"lazy\" decoding=\"async\" width=\"225\" height=\"300\" src=\"https:\/\/stacjarewitalizacja.pl\/wp-content\/uploads\/2024\/10\/IMG20241019153031-225x300.jpg\" class=\"attachment-medium size-medium wp-image-274\" alt=\"\" srcset=\"https:\/\/stacjarewitalizacja.pl\/wp-content\/uploads\/2024\/10\/IMG20241019153031-225x300.jpg 225w, https:\/\/stacjarewitalizacja.pl\/wp-content\/uploads\/2024\/10\/IMG20241019153031-768x1024.jpg 768w, https:\/\/stacjarewitalizacja.pl\/wp-content\/uploads\/2024\/10\/IMG20241019153031-1152x1536.jpg 1152w, https:\/\/stacjarewitalizacja.pl\/wp-content\/uploads\/2024\/10\/IMG20241019153031-1536x2048.jpg 1536w, https:\/\/stacjarewitalizacja.pl\/wp-content\/uploads\/2024\/10\/IMG20241019153031-scaled.jpg 1920w\" sizes=\"(max-width: 225px) 100vw, 225px\" \/>\t\t\t\t\t\t\t\t\t\t\t\t\t<\/div>\n\t\t\t\t<\/div>\n\t\t\t\t<div class=\"elementor-element elementor-element-b7f0921 elementor-widget elementor-widget-image\" data-id=\"b7f0921\" data-element_type=\"widget\" data-widget_type=\"image.default\">\n\t\t\t\t<div class=\"elementor-widget-container\">\n\t\t\t\t\t\t\t\t\t\t\t\t\t<img loading=\"lazy\" decoding=\"async\" width=\"225\" height=\"300\" src=\"https:\/\/stacjarewitalizacja.pl\/wp-content\/uploads\/2024\/10\/IMG20241019153035-225x300.jpg\" class=\"attachment-medium size-medium wp-image-275\" alt=\"\" srcset=\"https:\/\/stacjarewitalizacja.pl\/wp-content\/uploads\/2024\/10\/IMG20241019153035-225x300.jpg 225w, https:\/\/stacjarewitalizacja.pl\/wp-content\/uploads\/2024\/10\/IMG20241019153035-768x1024.jpg 768w, https:\/\/stacjarewitalizacja.pl\/wp-content\/uploads\/2024\/10\/IMG20241019153035-1152x1536.jpg 1152w, https:\/\/stacjarewitalizacja.pl\/wp-content\/uploads\/2024\/10\/IMG20241019153035-1536x2048.jpg 1536w, https:\/\/stacjarewitalizacja.pl\/wp-content\/uploads\/2024\/10\/IMG20241019153035-scaled.jpg 1920w\" sizes=\"(max-width: 225px) 100vw, 225px\" \/>\t\t\t\t\t\t\t\t\t\t\t\t\t<\/div>\n\t\t\t\t<\/div>\n\t\t\t\t<div class=\"elementor-element elementor-element-e69cbf2 elementor-widget elementor-widget-image\" data-id=\"e69cbf2\" data-element_type=\"widget\" data-widget_type=\"image.default\">\n\t\t\t\t<div class=\"elementor-widget-container\">\n\t\t\t\t\t\t\t\t\t\t\t\t\t<img decoding=\"async\" src=\"https:\/\/stacjarewitalizacja.pl\/wp-content\/plugins\/elementor\/assets\/images\/placeholder.png\" title=\"\" alt=\"\" loading=\"lazy\" \/>\t\t\t\t\t\t\t\t\t\t\t\t\t<\/div>\n\t\t\t\t<\/div>\n\t\t\t\t\t<\/div>\n\t\t\t\t<\/div>\n\t\t\t\t<\/div>\n\t\t","protected":false},"excerpt":{"rendered":"<p>Wyj\u0105tkowe akwarele, kt\u00f3rych autork\u0105 jest Wioleta Salo, przedstawiaj\u0105ce pi\u0119kno \u0142\u00f3dzkiej architektury i miasta. Cena jednej kartki w formacie A5 to 18 z\u0142.<\/p>\n","protected":false},"author":1,"featured_media":0,"parent":0,"menu_order":0,"comment_status":"closed","ping_status":"closed","template":"","meta":{"_kadence_starter_templates_imported_post":false,"_kad_post_transparent":"","_kad_post_title":"hide","_kad_post_layout":"fullwidth","_kad_post_sidebar_id":"","_kad_post_content_style":"unboxed","_kad_post_vertical_padding":"hide","_kad_post_feature":"hide","_kad_post_feature_position":"","_kad_post_header":false,"_kad_post_footer":false,"footnotes":""},"class_list":["post-263","page","type-page","status-publish","hentry"],"_links":{"self":[{"href":"https:\/\/stacjarewitalizacja.pl\/index.php?rest_route=\/wp\/v2\/pages\/263","targetHints":{"allow":["GET"]}}],"collection":[{"href":"https:\/\/stacjarewitalizacja.pl\/index.php?rest_route=\/wp\/v2\/pages"}],"about":[{"href":"https:\/\/stacjarewitalizacja.pl\/index.php?rest_route=\/wp\/v2\/types\/page"}],"author":[{"embeddable":true,"href":"https:\/\/stacjarewitalizacja.pl\/index.php?rest_route=\/wp\/v2\/users\/1"}],"replies":[{"embeddable":true,"href":"https:\/\/stacjarewitalizacja.pl\/index.php?rest_route=%2Fwp%2Fv2%2Fcomments&post=263"}],"version-history":[{"count":17,"href":"https:\/\/stacjarewitalizacja.pl\/index.php?rest_route=\/wp\/v2\/pages\/263\/revisions"}],"predecessor-version":[{"id":382,"href":"https:\/\/stacjarewitalizacja.pl\/index.php?rest_route=\/wp\/v2\/pages\/263\/revisions\/382"}],"wp:attachment":[{"href":"https:\/\/stacjarewitalizacja.pl\/index.php?rest_route=%2Fwp%2Fv2%2Fmedia&parent=263"}],"curies":[{"name":"wp","href":"https:\/\/api.w.org\/{rel}","templated":true}]}}