{"id":464,"date":"2025-02-26T12:33:00","date_gmt":"2025-02-26T12:33:00","guid":{"rendered":"https:\/\/stacjarewitalizacja.pl\/?page_id=464"},"modified":"2025-03-12T19:24:49","modified_gmt":"2025-03-12T19:24:49","slug":"system-certyfikacji-inwestycji","status":"publish","type":"page","link":"https:\/\/stacjarewitalizacja.pl\/?page_id=464","title":{"rendered":"SYSTEM CERTYFIKACJI INWESTYCJI"},"content":{"rendered":"\t\t<div data-elementor-type=\"wp-page\" data-elementor-id=\"464\" class=\"elementor elementor-464\">\n\t\t\t\t<div class=\"elementor-element elementor-element-48b4176 e-flex e-con-boxed e-con e-parent\" data-id=\"48b4176\" data-element_type=\"container\">\n\t\t\t\t\t<div class=\"e-con-inner\">\n\t\t\t\t<div class=\"elementor-element elementor-element-55bcd57 elementor-widget elementor-widget-heading\" data-id=\"55bcd57\" data-element_type=\"widget\" data-widget_type=\"heading.default\">\n\t\t\t\t<div class=\"elementor-widget-container\">\n\t\t\t<h2 class=\"elementor-heading-title elementor-size-default\">REALIZUJESZ SWOJ\u0104 INWESTYCJ\u0118 NA OBSZARZE REWITALIZACJI?\n<br><br>\nPOKA\u017b NOW\u0104 JAKO\u015a\u0106 I WYR\u00d3\u017bNIJ SI\u0118 NA TLE KONKURENCJI!!!<\/h2>\t\t<\/div>\n\t\t\t\t<\/div>\n\t\t\t\t\t<\/div>\n\t\t\t\t<\/div>\n\t\t<div class=\"elementor-element elementor-element-4f04987e e-flex e-con-boxed e-con e-parent\" data-id=\"4f04987e\" data-element_type=\"container\">\n\t\t\t\t\t<div class=\"e-con-inner\">\n\t\t\t\t<div class=\"elementor-element elementor-element-de88d96 elementor-widget elementor-widget-text-editor\" data-id=\"de88d96\" data-element_type=\"widget\" data-widget_type=\"text-editor.default\">\n\t\t\t\t<div class=\"elementor-widget-container\">\n\t\t\t\t\t\t\t<p>W ramach nowego autorskiego projektu Marcin Obijalski ustanowi\u0142 w 2025 roku pod mark\u0105 <strong>Stacja Rewitalizacja\u00ae<\/strong> <strong>System Certyfikacji Inwestycji<\/strong>, obejmuj\u0105cy przeprowadzenie <em>audytu rewitalizacyjnego<\/em>\u00a0pod k\u0105tem wpisywania si\u0119 inwestycji w cele procesu rewitalizacji zgodnie z <em>ustaw\u0105 o rewitalizacji z dnia 9 pa\u017adziernika 2015 roku<\/em>.\u00a0<\/p>\n<p>W przypadku pozytywnego wyniku przeprowadzonego audytu, przyznawany jest <strong>certyfikat <em>Inwestycji Przyjaznej Rewitalizacji <\/em><\/strong>firmowany mark\u0105 <strong>Stacja Rewitalizacja\u00ae.<\/strong><\/p>\n<p>Uzyskany <strong>certyfikat jako\u015bci<\/strong> w kontek\u015bcie procesu rewitalizacji, pozwoli wyr\u00f3\u017cni\u0107 si\u0119 Pa\u0144stwa inwestycji na tle wielu innych realizowanych na terenie miasta a marka <strong>Stacja Rewitalizacja\u00ae<\/strong>, b\u0119dzie gwarantem jego wiarygodno\u015bci.<\/p>\n<p>Wraz z certyfikatem przekazany zostanie w formie elektronicznej zastrze\u017cony znak <strong>Stacja Rewitalizacja\u00ae<\/strong>, z udzielonymi prawami do jego <strong>nieodp\u0142atnego wykorzystywania<\/strong>, w ramach dzia\u0142a\u0144 informacyjnych i marketingowych dotycz\u0105cych inwestycji dla kt\u00f3rej zosta\u0142 wydany <strong>certyfikat<\/strong> <em><strong>Inwestycji Przyjaznej Rewitalizacji<\/strong><\/em>.<\/p>\n<div>\u00a0<\/div>\n<p><!-- \/wp:paragraph --><!-- wp:paragraph --><\/p>\n<p><!-- \/wp:paragraph --><\/p>\t\t\t\t\t\t<\/div>\n\t\t\t\t<\/div>\n\t\t\t\t\t<\/div>\n\t\t\t\t<\/div>\n\t\t<div class=\"elementor-element elementor-element-3626cee e-flex e-con-boxed e-con e-parent\" data-id=\"3626cee\" data-element_type=\"container\">\n\t\t\t\t\t<div class=\"e-con-inner\">\n\t\t\t\t<div class=\"elementor-element elementor-element-1ac4f72 elementor-widget elementor-widget-heading\" data-id=\"1ac4f72\" data-element_type=\"widget\" data-widget_type=\"heading.default\">\n\t\t\t\t<div class=\"elementor-widget-container\">\n\t\t\t<h2 class=\"elementor-heading-title elementor-size-default\">SKONTAKTUJ SI\u0118 Z NAMI I POSTAW NA JAKO\u015a\u0106!!!<\/h2>\t\t<\/div>\n\t\t\t\t<\/div>\n\t\t\t\t\t<\/div>\n\t\t\t\t<\/div>\n\t\t<div class=\"elementor-element elementor-element-c03887e e-flex e-con-boxed e-con e-parent\" data-id=\"c03887e\" data-element_type=\"container\">\n\t\t\t\t\t<div class=\"e-con-inner\">\n\t\t\t\t<div class=\"elementor-element elementor-element-692277b elementor-widget elementor-widget-heading\" data-id=\"692277b\" data-element_type=\"widget\" data-widget_type=\"heading.default\">\n\t\t\t\t<div class=\"elementor-widget-container\">\n\t\t\t<h2 class=\"elementor-heading-title elementor-size-default\">Pierwszy certyfikat uzyska\u0142a wyj\u0105tkowa inwestycja -<br> \"Kamienica Rewolucji 23\" - gratulujemy!!!<\/h2>\t\t<\/div>\n\t\t\t\t<\/div>\n\t\t\t\t\t<\/div>\n\t\t\t\t<\/div>\n\t\t<div class=\"elementor-element elementor-element-bc5aa70 e-flex e-con-boxed e-con e-parent\" data-id=\"bc5aa70\" data-element_type=\"container\">\n\t\t\t\t\t<div class=\"e-con-inner\">\n\t\t\t\t<div class=\"elementor-element elementor-element-50bba68 elementor-widget elementor-widget-image\" data-id=\"50bba68\" data-element_type=\"widget\" data-widget_type=\"image.default\">\n\t\t\t\t<div class=\"elementor-widget-container\">\n\t\t\t\t\t\t\t\t\t\t\t\t\t<img decoding=\"async\" src=\"https:\/\/stacjarewitalizacja.pl\/wp-content\/uploads\/2025\/03\/Certyfikat-R23-2.pdf\" title=\"\" alt=\"\" loading=\"lazy\" \/>\t\t\t\t\t\t\t\t\t\t\t\t\t<\/div>\n\t\t\t\t<\/div>\n\t\t\t\t\t<\/div>\n\t\t\t\t<\/div>\n\t\t\t\t<\/div>\n\t\t","protected":false},"excerpt":{"rendered":"<p>REALIZUJESZ SWOJ\u0104 INWESTYCJ\u0118 NA OBSZARZE REWITALIZACJI? POKA\u017b NOW\u0104 JAKO\u015a\u0106 I WYR\u00d3\u017bNIJ SI\u0118 NA TLE KONKURENCJI!!! W ramach nowego autorskiego projektu Marcin Obijalski ustanowi\u0142 w 2025 roku pod mark\u0105 Stacja Rewitalizacja\u00ae System Certyfikacji Inwestycji, obejmuj\u0105cy przeprowadzenie audytu rewitalizacyjnego\u00a0pod k\u0105tem wpisywania si\u0119 inwestycji w cele procesu rewitalizacji zgodnie z ustaw\u0105 o rewitalizacji z dnia 9 pa\u017adziernika 2015&#8230;<\/p>\n","protected":false},"author":1,"featured_media":0,"parent":0,"menu_order":0,"comment_status":"closed","ping_status":"closed","template":"","meta":{"_kadence_starter_templates_imported_post":false,"_kad_post_transparent":"","_kad_post_title":"","_kad_post_layout":"","_kad_post_sidebar_id":"","_kad_post_content_style":"","_kad_post_vertical_padding":"","_kad_post_feature":"","_kad_post_feature_position":"","_kad_post_header":false,"_kad_post_footer":false,"footnotes":""},"class_list":["post-464","page","type-page","status-publish","hentry"],"_links":{"self":[{"href":"https:\/\/stacjarewitalizacja.pl\/index.php?rest_route=\/wp\/v2\/pages\/464","targetHints":{"allow":["GET"]}}],"collection":[{"href":"https:\/\/stacjarewitalizacja.pl\/index.php?rest_route=\/wp\/v2\/pages"}],"about":[{"href":"https:\/\/stacjarewitalizacja.pl\/index.php?rest_route=\/wp\/v2\/types\/page"}],"author":[{"embeddable":true,"href":"https:\/\/stacjarewitalizacja.pl\/index.php?rest_route=\/wp\/v2\/users\/1"}],"replies":[{"embeddable":true,"href":"https:\/\/stacjarewitalizacja.pl\/index.php?rest_route=%2Fwp%2Fv2%2Fcomments&post=464"}],"version-history":[{"count":40,"href":"https:\/\/stacjarewitalizacja.pl\/index.php?rest_route=\/wp\/v2\/pages\/464\/revisions"}],"predecessor-version":[{"id":546,"href":"https:\/\/stacjarewitalizacja.pl\/index.php?rest_route=\/wp\/v2\/pages\/464\/revisions\/546"}],"wp:attachment":[{"href":"https:\/\/stacjarewitalizacja.pl\/index.php?rest_route=%2Fwp%2Fv2%2Fmedia&parent=464"}],"curies":[{"name":"wp","href":"https:\/\/api.w.org\/{rel}","templated":true}]}}